emainder when 485 is divided by 24.
5
What is the remainder when 1451 is divided by 147?
128
Calculate the remainder when 290 is divided by 216.
74
What is the remainder when 488 is divided by 87?
53
What is the remainder when 271 is divided by 55?
51
What is the remainder when 627 is divided by 2?
1
Calculate the remainder when 250 is divided by 88.
74
Calculate the remainder when 960 is divided by 65.
50
Calculate the remainder when 2473 is divided by 1222.
29
What is the remainder when 177 is divided by 82?
13
What is the remainder when 133 is divided by 18?
7
What is the remainder when 136 is divided by 9?
1
Calculate the remainder when 9339 is divided by 13.
5
Calculate the remainder when 815 is divided by 57.
17
Calculate the remainder when 422 is divided by 56.
30
What is the remainder when 3450 is divided by 434?
412
What is the remainder when 519 is divided by 157?
48
What is the remainder when 412 is divided by 49?
20
What is the remainder when 5855 is divided by 234?
5
Calculate the remainder when 271 is divided by 68.
67
What is the remainder when 1142 is divided by 88?
86
What is the remainder when 20 is divided by 15?
5
Calculate the remainder when 286 is divided by 29.
25
Calculate the remainder when 1672 is divided by 18.
16
What is the remainder when 230 is divided by 7?
6
Calculate the remainder when 34 is divided by 21.
13
What is the remainder when 375 is divided by 49?
32
Calculate the remainder when 95 is divided by 11.
7
Calculate the remainder when 561 is divided by 113.
109
What is the remainder when 92 is divided by 48?
44
Calculate the remainder when 342 is divided by 104.
30
What is the remainder when 174 is divided by 22?
20
What is the remainder when 562 is divided by 174?
40
Calculate the remainder when 217 is divided by 14.
7
What is the remainder when 1387 is divided by 273?
22
What is the remainder when 260 is divided by 79?
23
What is the remainder when 78 is divided by 65?
13
Calculate the remainder when 93 is divided by 38.
17
What is the remainder when 2438 is divided by 122?
120
Calculate the remainder when 70 is divided by 19.
13
What is the remainder when 952 is divided by 468?
16
Calculate the remainder when 177 is divided by 20.
17
What is the remainder when 155 is divided by 16?
11
What is the remainder when 1532 is divided by 73?
72
What is the remainder when 2909 is divided by 98?
67
Calculate the remainder when 134 is divided by 28.
22
What is the remainder when 53 is divided by 6?
5
Calculate the remainder when 82 is divided by 24.
10
Calculate the remainder when 762 is divided by 291.
180
What is the remainder when 3250 is divided by 649?
5
What is the remainder when 183 is divided by 65?
53
Calculate the remainder when 239 is divided by 117.
5
Calculate the remainder when 641 is divided by 93.
83
Calculate the remainder when 160 is divided by 15.
10
What is the remainder when 809 is divided by 81?
80
What is the remainder when 303 is divided by 214?
89
What is the remainder when 2065 is divided by 678?
31
Calculate the remainder when 809 is divided by 29.
26
Calculate the remainder when 76 is divided by 7.
6
Calculate the remainder when 90 is divided by 59.
31
Calculate the remainder when 5140 is divided by 97.
96
What is the remainder when 119 is divided by 46?
27
What is the remainder when 173 is divided by 60?
53
Calculate the remainder when 73388 is divided by 41.
39
Calculate the remainder when 184 is divided by 99.
85
What is the remainder when 15 is divided by 7?
1
Calculate the remainder when 198 is divided by 69.
60
Calculate the remainder when 149 is divided by 27.
14
Calculate the remainder when 10226 is divided by 15.
11
Calculate the remainder when 227 is divided by 78.
71
Calculate the remainder when 339 is divided by 86.
81
What is the remainder when 719 is divided by 125?
94
What is the remainder when 21546 is divided by 11?
8
Calculate the remainder when 75 is divided by 59.
16
What is the remainder when 2961 is divided by 43?
37
What is the remainder when 482 is divided by 287?
195
Calculate the remainder when 856 is divided by 123.
118
What is the remainder when 4232 is divided by 124?
16
Calculate the remainder when 518 is divided by 8.
6
What is the remainder when 30 is divided by 15?
0
Calculate the remainder when 7538 is divided by 64.
50
What is the remainder when 163 is divided by 56?
51
Calculate the remainder when 3210 is divided by 51.
48
Calculate the remainder when 65 is divided by 25.
15
What is the remainder when 43 is divided by 26?
17
What is the remainder when 4141 is divided by 148?
145
What is the remainder when 293 is divided by 95?
8
What is the remainder when 347 is divided by 25?
22
Calculate the remainder when 1437 is divided by 353.
25
What is the remainder when 202 is divided by 13?
7
Calculate the remainder when 1123 is divided by 139.
11
Calculate the remainder when 125 is divided by 34.
23
Calculate the remainder when 1218 is divided by 20.
18
Calculate the remainder when 187 is divided by 50.
37
What is the remainder when 1102 is divided by 195?
127
Calculate the remainder when 736 is divided by 39.
34
What is the remainder when 370 is divided by 194?
176
What is the remainder when 25041 is divided by 19?
18
Calculate the remainder when 286 is divided by 93.
7
Calculate the remainder when 344 is divided by 70.
64
What is the remainder when 582 is divided by 45?
42
What is the remainder when 467 is divided by 72?
35
Calculate the remainder when 53 is divided by 28.
25
Calculate the remainder when 839 is divided by 3.
2
Calculate the remainder when 54 is divided by 27.
0
What is the remainder when 11114 is divided by 171?
170
What is the remainder when 171 is divided by 22?
17
What is the remainder when 175 is divided by 50?
25
Calculate the remainder when 881 is divided by 52.
49
What is the remainder when 602 is divided by 110?
52
What is the remainder when 1853 is divided by 16?
13
What is the remainder when 773 is divided by 31?
29
What is the remainder when 916 is divided by 23?
19
What is the remainder when 571 is divided by 34?
27
Calculate the remainder when 94 is divided by 34.
26
Calculate the remainder when 580 is divided by 11.
8
What is the remainder when 51 is divided by 43?
8
What is the remainder when 538 is divided by 13?
5
What is the remainder when 1552 is divided by 507?
31
Calculate the remainder when 348 is divided by 50.
48
Calculate the remainder when 1073 is divided by 177.
11
Calculate the remainder when 1149 is divided by 33.
27
Calculate the remainder when 3227 is divided by 22.
15
Calculate the remainder when 17287 is divided by 17.
15
Calculate the remainder when 79 is divided by 4.
3
What is the remainder when 269 is divided by 17?
14
Calculate the remainder when 9433 is divided by 185.
183
Calculate the remainder when 210 is divided by 116.
94
Calculate the remainder when 386 is divided by 101.
83
What is the remainder when 3604 is divided by 82?
78
Calculate the remainder when 64 is divided by 55.
9
What is the remainder when 965 is divided by 57?
53
Calculate the remainder when 1496 is divided by 86.
34
What is the remainder when 1722 is divided by 377?
214
What is the remainder when 466 is divided by 209?
48
What is the remainder when 87 is divided by 18?
15
Calculate the remainder when 92 is divided by 21.
8
What is the remainder when 274 is divided by 36?
22
Calculate the remainder when 118 is divided by 60.
58
Calculate the remainder when 13359 is divided by 15.
9
What is the remainder when 171 is divided by 30?
21
Calculate the remainder when 1177 is divided by 5.
2
Calculate the remainder when 719 is divided by 38.
35
Calculate the remainder when 1370 is divided by 14.
12
Calculate the remainder when 288 is divided by 69.
12
What is the remainder when 477 is divided by 6?
3
What is the remainder when 85 is divided by 44?
41
What is the remainder when 1203 is divided by 392?
27
Calculate the remainder when 93 is divided by 28.
9
What is the remainder when 16839 is divided by 14?
11
What is the remainder when 49221 is divided by 12?
9
What is the remainder when 369 is divided by 4?
1
What is the remainder when 212 is divided by 2?
0
What is the remainder when 913 is divided by 15?
13
Calculate the remainder